 units digit of 51389237?
7
What is the tens digit of 766862565?
6
What is the hundred millions digit of 308865057?
3
What is the hundreds digit of 264203814?
8
What is the ten millions digit of 4890193416?
9
What is the hundred millions digit of 127833197?
1
What is the tens digit of 469636586?
8
What is the thousands digit of 9337289324?
9
What is the hundreds digit of 332493632?
6
What is the hundreds digit of 1539199833?
8
What is the units digit of 798737978?
8
What is the millions digit of 9562148?
9
What is the hundred thousands digit of 1225171836?
1
What is the units digit of 353992167?
7
What is the tens digit of 92664264?
6
What is the ten thousands digit of 1446689487?
8
What is the hundred millions digit of 524702917?
5
What is the hundred millions digit of 518759104?
5
What is the thousands digit of 943264418?
4
What is the thousands digit of 49981721?
1
What is the ten thousands digit of 167430824?
3
What is the thousands digit of 4331742029?
2
What is the hundred millions digit of 244832106?
2
What is the hundreds digit of 39107302?
3
What is the units digit of 206574014?
4
What is the ten millions digit of 173440245?
7
What is the ten thousands digit of 800937405?
3
What is the hundred millions digit of 2056061157?
0
What is the ten thousands digit of 70278006?
7
What is the units digit of 653094659?
9
What is the ten thousands digit of 77736673?
3
What is the ten millions digit of 2063565329?
6
What is the ten millions digit of 50991934?
5
What is the ten millions digit of 428768764?
2
What is the billions digit of 7966399568?
7
What is the ten thousands digit of 2351174383?
7
What is the hundred thousands digit of 613740865?
7
What is the hundreds digit of 1391665653?
6
What is the tens digit of 248734346?
4
What is the thousands digit of 210921519?
1
What is the ten thousands digit of 1961223665?
2
What is the hundreds digit of 2241338322?
3
What is the millions digit of 411428254?
1
What is the hundreds digit of 212791655?
6
What is the hundred millions digit of 213963391?
2
What is the thousands digit of 1601455890?
5
What is the hundred millions digit of 298993342?
2
What is the units digit of 1184968957?
7
What is the hundred millions digit of 8851948784?
8
What is the hundred thousands digit of 3007342846?
3
What is the units digit of 575782367?
7
What is the hundreds digit of 49757810?
8
What is the ten millions digit of 34374234?
3
What is the ten thousands digit of 47687563?
8
What is the hundreds digit of 1904911921?
9
What is the ten millions digit of 54265644?
5
What is the ten millions digit of 2325853667?
2
What is the ten thousands digit of 54395505?
9
What is the thousands digit of 144922604?
2
What is the millions digit of 42360600?
2
What is the tens digit of 512399744?
4
What is the hundred thousands digit of 98373895?
3
What is the ten millions digit of 6478224922?
7
What is the ten thousands digit of 669934744?
3
What is the hundreds digit of 260445508?
5
What is the millions digit of 70969227?
0
What is the thousands digit of 144964964?
4
What is the ten millions digit of 660705196?
6
What is the units digit of 714007302?
2
What is the thousands digit of 527048401?
8
What is the thousands digit of 1972545822?
5
What is the tens digit of 2145224260?
6
What is the hundreds digit of 939486602?
6
What is the ten thousands digit of 111482890?
8
What is the billions digit of 7084572365?
7
What is the ten thousands digit of 1852780628?
8
What is the tens digit of 48065770?
7
What is the millions digit of 472251006?
2
What is the units digit of 35468116?
6
What is the thousands digit of 34178340?
8
What is the millions digit of 356671333?
6
What is the hundreds digit of 47699515?
5
What is the hundreds digit of 75697947?
9
What is the units digit of 1178277151?
1
What is the ten millions digit of 85712202?
8
What is the units digit of 3300975808?
8
What is the ten thousands digit of 42862103?
6
What is the hundreds digit of 123781269?
2
What is the ten millions digit of 213661397?
1
What is the hundreds digit of 13289555?
5
What is the hundred thousands digit of 32021342?
0
What is the hundreds digit of 58162648?
6
What is the hundred thousands digit of 115310674?
3
What is the tens digit of 2382075044?
4
What is the units digit of 46662339?
9
What is the ten millions digit of 1108424325?
0
What is the hundreds digit of 1804233378?
3
What is the hundreds digit of 97145539?
5
What is the hundred millions digit of 280415793?
2
What is the units digit of 651237819?
9
What is the thousands digit of 621769640?
9
What is the hundreds digit of 293640525?
5
What is the units digit of 78384987?
7
What is the millions digit of 3516665?
3
What is the thousands digit of 585031332?
1
What is the ten millions digit of 55530493?
5
What is the ten thousands digit of 146479812?
7
What is the ten thousands digit of 102623571?
2
What is the hundreds digit of 22956673?
6
What is the millions digit of 134529507?
4
What is the hundred thousands digit of 573424592?
4
What is the millions digit of 17704988?
7
What is the units digit of 26666624?
4
What is the ten thousands digit of 406524190?
2
What is the hundred millions digit of 193399682?
1
What is the billions digit of 1262994842?
1
What is the thousands digit of 78605133?
5
What is the hundred thousands digit of 70590522?
5
What is the ten thousands digit of 142042737?
4
What is the thousands digit of 510506472?
6
What is the ten thousands digit of 216154998?
5
What is the units digit of 119436412?
2
What is the hundred thousands digit of 821816236?
8
What is the hundred millions digit of 4998644796?
9
What is the hundreds digit of 24541025?
0
What is the ten thousands digit of 451832564?
3
What is the hundreds digit of 30061572?
5
What is the thousands digit of 13330579?
0
What is the units digit of 80623993?
3
What is the millions digit of 1570266046?
0
What is the millions digit of 125088134?
5
What is the ten thousands digit of 5596218?
9
What is the thousands digit of 4123177803?
7
What is the ten thousands digit of 140784544?
8
What is the tens digit of 34053975?
7
What is the hundreds digit of 306442076?
0
What is the hundred thousands digit of 191205846?
2
What is the thousands digit of 442602910?
2
What is the millions digit of 4651117834?
1
What is the units digit of 158467816?
6
What is the millions digit of 537543551?
7
What is the thousands digit of 268012864?
2
What is the tens digit of 1381181761?
6
What is the hundred thousands digit of 2363519411?
5
What is the hundred thousands digit of 1523039808?
0
What is the millions digit of 1986977542?
6
What is the ten thousands digit of 2685010888?
1
What is the millions digit of 68838244?
8
What is the hundreds digit of 345544909?
9
What is the ten millions digit of 81050750?
8
What is the tens digit of 355822008?
0
What is the hundred millions digit of 277311922?
2
What is the thousands digit of 1574938314?
8
What is the ten millions digit of 154955072?
5
What is the ten thousands digit of 445994972?
9
What is the units digit of 24622057?
7
What is the tens digit of 3387650778?
7
What is the ten thousands digit of 38618732?
1
What is the millions digit of 23278154?
3
What is the thousands digit of 2969661096?
1
What is the thousands digit of 181043124?
3
What is the tens digit of 36409848?
4
What is the thousands digit of 2098385136?
5
What is the hundred millions digit of 3153175972?
1
What is the millions digit of 755991399?
5
What is the ten thousands digit of 310943657?
4
What is the thousands digit of 45983256?
3
What is the tens digit of 441459855?
5
What is the units digit of 9815402?
2
What is the ten millions digit of 95243809?
9
What is the hundred thousands digit of 1210091?
2
What is the thousands digit of 8666592792?
2
What is the units digit of 49058583?
3
What is the thousands digit of 824678577?
8
What is the tens digit of 540757858?
5
What is the hundreds digit of 4861082?
0
What is the millions digit of 1263706100?
3
What is the ten thousands digit of 68773350?
7
What is the thousands digit of 63729075?
9
What is the hundred millions digit of 183182777?
1
What is the thousands digit of 36789300?
9
What is the units digit of 148233489?
9
What is the millions digit of 606882714?
6
What is the mill